ors of (2*(-16)/96)/(3/(-7362)).
2, 409
Suppose 2*g - 11*q + 12*q = 1354, -5*g + 3385 = -3*q. Let u = -200 + g. List the prime factors of u.
3, 53
Let s(b) be the first derivative of 74*b**3/3 - 9*b**2/2 - 7*b + 1. Let a(w) be the first derivative of s(w). What are the prime factors of a(1)?
139
Let s(b) = -b**3 + 9*b**2 + 8*b + 23. Let f be s(10). What are the prime factors of (-1472 + -17)*(0 + (2 - f))?
1489
Let p = -5049 - -13482. List the prime factors of p.
3, 937
Let f be (-29 + -3 + 1)/(4/12). Let z = f - -157. Let r = 98 - z. What are the prime factors of r?
2, 17
Let t be 1/2 + 5/(-10). Suppose -4*o - 21 = -4*d - o, -d - o = t. What are the prime factors of d/7 + 1560/35?
3, 5
Let f(i) = -259*i**2 + 10*i + 54. Let u be f(-4). What are the prime factors of 2*(-3)/6*u/5?
2, 7, 59
Let l(x) = -64 + x**2 + 38 + 7*x + 34. List the prime factors of l(-7).
2
Let u(m) = m**2 - 2*m - 7. Let c be u(-3). Suppose -2*k + 4 = h, -3*k = 5*h + c + 7. List the prime factors of (-2)/h*0 + 70.
2, 5, 7
Suppose 3*f - 864 = -54. Suppose h - f = -9. What are the prime factors of h?
3, 29
Let v(l) = -l**3 + 46. Let i be v(0). What are the prime factors of 1307/2 - (-115)/i?
2, 41
Let i = 2732 + -950. List the prime factors of i.
2, 3, 11
Let u = 5301 + 11442. List the prime factors of u.
3, 5581
Let y be (-54 + 26)*4/(-7). Suppose y*n + 16 = 20*n. What are the prime factors of n?
2
Let w(v) = -v**2 - 5*v + 1125. Let c be w(0). Suppose -c = -2*j - 3*p, 7*p - 543 = -j + 12*p. List the prime factors of j.
2, 3, 31
Let b be (-49)/(-6)*(44 - 38). List the prime factors of 19047/b - 4/(-14).
389
Let o be (5/(-5) - -2) + 7*10. Let w = o + -30. List the prime factors of (254/6)/(-1)*(-123)/w.
127
Let c(y) = y**3 - 7*y**2 + 8*y - 4. Let a be c(3). Let q = -36 - a. List the prime factors of -1*30/25*q/3.
2
Let h be (-65)/(-10) - 5/(-10). Let w be (-10)/2*h/((-210)/36). What are the prime factors of (-1956)/(-8) + (-3)/w?
2, 61
Let p(s) = 33*s - 70. Let y be p(11). Suppose -y = -k - 11*u + 6*u, -5*u + 1217 = 4*k. What are the prime factors of k?
2, 7, 11
Let g be 3/(-2)*((-320)/(-12))/(-8). Let o(h) = -3 - g - 2 - 18*h - 6 - h**2. What are the prime factors of o(-11)?
61
Suppose 186*f = 191*f + 40. What are the prime factors of f/(-18)*-3 - 961/(-3)?
11, 29
Let q(h) = h**2 + 19*h + 6056. What are the prime factors of q(0)?
2, 757
Suppose 293*n - 297*n + 46756 = -2*k, 46748 = 4*n - 4*k. List the prime factors of n.
3, 433
Let h(t) be the third derivative of -t**6/60 - t**5/12 + t**4/12 + t**3/2 + 10*t**2 - 15. Suppose 4 = -2*b - 4. List the prime factors of h(b).
43
Suppose -542700 = 168*n - 213*n. List the prime factors of n.
2, 3, 5, 67
Let s(j) = j**2 - 31*j + 127. Suppose 39*b + 213 = 1266. What are the prime factors of s(b)?
19
Let a be ((-15)/15)/(1/5). Let d be (a/15)/((-14)/12 + 1). List the prime factors of 106 - -1 - (d - 6).
3, 37
Let t(y) = y**3 + 3*y**2 - 11*y - 3. Let r be t(-5). Suppose 2*c + 8 = -r*c. Let i = c + 41. List the prime factors of i.
3, 13
Let f(j) be the first derivative of -j**4/4 - 2*j**3 + 9*j**2/2 + 14*j + 12. Let a be f(-7). Suppose -2*k - 3*k + 140 = a. List the prime factors of k.
2, 7
Let z(f) = 26*f**2 + 18*f - 15. Suppose -9*x = 719 - 791. What are the prime factors of z(x)?
11, 163
Suppose -431*k + 444*k - 62472 - 476053 = 0. List the prime factors of k.
5, 1657
Let l = 229 - 1433. Let i = l + 92. List the prime factors of (-38)/(-171) - (-3)/((-54)/i).
2, 31
Let j(x) = 5*x**2 + 8*x + 48. Let s(h) = -h**3 + 3*h**2 - 3*h + 13. Let g be s(4). List the prime factors of j(g).
3, 13
Suppose -2*q = l + 1056, -2*q + 0*l - 1052 = 2*l. What are the prime factors of (0 - q)*(8 - 6)?
2, 5, 53
Let l(k) = -2*k**3 - 3*k**2 + 5*k + 3. Let c be l(-3). Let m be (-3)/7 - 152/(-28). Let u = c - m. List the prime factors of u.
2, 5
Suppose -55 + 23 = -8*k. Suppose k*l + 81 = 3433. List the prime factors of l.
2, 419
Let n(w) be the third derivative of 37*w**4/24 + 56*w**3/3 + 136*w**2. What are the prime factors of n(21)?
7, 127
Let q = 35 + -17. Let h be (-6)/(-36) - ((-1617)/q - 0). Suppose 0*o = -9*o + h. List the prime factors of o.
2, 5
Let a(m) = m**3 - 5*m**2 + 3*m - 15. Let x be a(5). Suppose 3*b + 16 + 30 = 4*p, x = 5*b + 3*p + 38. What are the prime factors of 60/18*(-12)/b?
2
Let c(u) = -2*u**3 + 7*u**2 - u + 4. Let i(k) = k**2 - k - 1. Let t(s) = c(s) + 4*i(s). What are the prime factors of t(-4)?
2, 3
Suppose 14*w - 12*w - g = 20717, 0 = 4*w + 5*g - 41441. List the prime factors of w.
3, 1151
Let z(t) = -t**3 - 2. Let w(f) = f**3 - 9*f**2 - 14*f. Let k(d) = w(d) + 5*z(d). What are the prime factors of k(-6)?
2, 307
Suppose -4305 = 240*q - 241*q - 5*j, -12963 = -3*q - 3*j. List the prime factors of q.
5, 173
Let k be 0 - ((-9)/6)/(9/12). Suppose -4*b = -5*g + 1882, 4*b + 576 = k*g - 172. List the prime factors of g.
2, 3, 7
Let r(i) = 1365*i**2 + 149*i - 461. List the prime factors of r(3).
7, 1753
Suppose -37905 + 12645 = -12*p. Let b = 3205 - p. What are the prime factors of b?
2, 5, 11
Let d(p) = 2*p**2 + 119*p - 1709. What are the prime factors of d(20)?
1471
Let w = -53 + 38. Let o(x) = -x**2 - 16*x - 17. Let a be o(w). List the prime factors of (-4 - -13)*a*(-19)/6.
3, 19
Let l be ((-789)/9)/((-9)/243). Suppose -23*m + l + 255 = 0. List the prime factors of m.
2, 3, 19
List the prime factors of (1920/256)/((-5)/(-202)).
3, 101
List the prime factors of (-16)/(-10)*18/(-54)*(-25215)/2.
2, 41
Suppose 150 = 11*o - 158. Suppose 33*v = o*v + 3845. List the prime factors of v.
769
Let r(p) = p + 1. Let m(a) = 2*a + 2. Let c(f) = -m(f) + 3*r(f). Let s be c(-4). List the prime factors of 98 - (s - 6/(-3)).
3, 11
List the prime factors of (-5535)/1*(7 + 1 + -9).
3, 5, 41
Let d(x) = -23*x**2 + 4*x - 5. Let a be ((-18)/27)/(4/(-6)). Let f be d(a). Let g = 145 - f. What are the prime factors of g?
13
Let h(j) = 49*j - 101 - 173 - 79*j - 49*j + 61. What are the prime factors of h(-12)?
3, 5, 7
Let l(b) = b**3 - 14*b**2 + b + 17. Let i be l(14). Suppose 0 = 37*u - i*u - 18. List the prime factors of 2436/18 + u*2/9.
2, 17
Suppose 3*n = 8*n, 0 = 2*i + 5*n + 2352. Let c = i - -1785. What are the prime factors of (-5 - c)*1/(-2)?
307
Suppose 5*i - 7*i = 120. Let l(u) = 2*u**2 + 28*u - 6. Let y be l(-13). Let s = y - i. What are the prime factors of s?
2, 7
Suppose -2 = -2*p, -8*a = -3*a - 5*p - 1335. Let d = a - 88. What are the prime factors of d?
2, 3, 5
Let i be (4/3)/(12/9). Let x = i - -6. Suppose -x*u + 475 = -2*u. What are the prime factors of u?
5, 19
Let b = -48 + 48. Let m be 2/(-4)*(-6 + b). Suppose 4*v - w - 199 = 0, -m*w + 263 = 4*v + 44. What are the prime factors of v?
3, 17
What are the prime factors of (-54775)/(-105)*78/10?
13, 313
Suppose -m = -4, -40*l + 2*m = -45*l + 45633. What are the prime factors of l?
5, 73
Let q be (11/2)/((-2)/(-4)). Let m = q + -19. List the prime factors of m/10 - 2233/(-35).
3, 7
Let c be (33/(-44))/(-1*1/4). Let t be (c/(-2))/(-1) - 16289/(-182). Let i = t + -18. What are the prime factors of i?
73
Let w = 2661 - 2368. What are the prime factors of w?
293
Suppose 4*f + 738 = 2*p, -3*p - f = 4*f - 1151. Suppose 4*g + p = 1365. What are the prime factors of g?
13, 19
Let d(k) be the second derivative of -3*k**5/5 + k**4/12 - 7*k**3/6 - 10*k**2 - 5*k + 8. List the prime factors of d(-5).
2, 5, 7, 11
Suppose 114*a = 18*a + 130944. List the prime factors of a.
2, 11, 31
Let o(w) = w**3 + 8*w**2 - 10*w - 2. Let v be o(-9). Let b(j) = -2*j + 8. Let l be b(v). Let x(q) = q**2 - 8*q - 4. List the prime factors of x(l).
2, 5
Let r = -16301 - -23894. What are the prime factors of r?
3, 2531
Suppose -4*x - 80 = -4*i, -5*i + 14 = -2*x - 38. Let w(y) = 5*y - y**3 + 11 - 10*y**2 + 11*y - 5*y**2. What are the prime factors of w(x)?
11
Let b(w) = w**3 - w**2 - 9*w + 5. Let a(z) = 2*z - 50. Let n be a(30). What are the prime factors of b(n)?
5, 163
Let g = 70 + -70. Suppose 4*z - 5*z - 2*z = g. Suppose z = 6*c - 1003 - 59. What are the prime factors of c?
3, 59
Let w(m) = -m**2 - 8*m - 9. Let r be w(-6). Let n = -8 - -253. Suppose 2*y + x = 220, -3*y + r*x = -67 - n. What are the prime factors of y?
2, 3
Suppose -3*i + 2*b = -2714, -2*i + 2*b + 1796 = -2*b. Let k = 1542 - i. What are the prime factors of k?
2, 317